{"id":189,"date":"2016-04-18T14:09:34","date_gmt":"2016-04-18T12:09:34","guid":{"rendered":"http:\/\/newpage.waldruhe.at\/?page_id=189"},"modified":"2020-02-07T06:49:22","modified_gmt":"2020-02-07T05:49:22","slug":"preise","status":"publish","type":"page","link":"https:\/\/www.waldruhe.at\/sitex\/preise\/","title":{"rendered":"Preise"},"content":{"rendered":"<div id=\"pl-189\"  class=\"panel-layout\" ><div id=\"pg-189-0\"  class=\"panel-grid panel-has-style\" ><div class=\"siteorigin-panels-stretch panel-row-style panel-row-style-for-189-0\" data-stretch-type=\"full\" ><div id=\"pgc-189-0-0\"  class=\"panel-grid-cell\" ><div id=\"panel-189-0-0-0\" class=\"so-panel widget widget_black-studio-tinymce widget_black_studio_tinymce panel-first-child panel-last-child\" data-index=\"0\" ><div class=\"textwidget\"><p style=\"text-align: center;\"><span class=\"about-headline\">Die einfachen Dinge des Lebens genie\u00dfen. <\/span><\/p>\n<\/div><\/div><\/div><\/div><\/div><div id=\"pg-189-1\"  class=\"panel-grid panel-has-style\" ><div class=\"panel-row-style panel-row-style-for-189-1\" ><div id=\"pgc-189-1-0\"  class=\"panel-grid-cell\" ><div id=\"panel-189-1-0-0\" class=\"so-panel widget widget_black-studio-tinymce widget_black_studio_tinymce panel-first-child panel-last-child\" data-index=\"1\" ><div class=\"textwidget\"><p style=\"text-align: center;\"><span class=\"our-text\">BEST PRICE GARANTIE.<br \/>\nWir garantieren bei Direktbuchung den BESTEN PREIS. <\/span><\/p>\n<\/div><\/div><\/div><\/div><\/div><div id=\"pg-189-2\"  class=\"panel-grid panel-has-style\" ><div class=\"siteorigin-panels-stretch panel-row-style panel-row-style-for-189-2\" data-stretch-type=\"full\" ><div id=\"pgc-189-2-0\"  class=\"panel-grid-cell\" ><div id=\"panel-189-2-0-0\" class=\"so-panel widget widget_black-studio-tinymce widget_black_studio_tinymce panel-first-child panel-last-child\" data-index=\"2\" ><div class=\"textwidget\"><p style=\"text-align: right;\"><span class=\"\" style=\"display:block;clear:both;height: 0px;padding-top: 500px;border-top-width:0px;border-bottom-width:0px;\"><\/span><\/p>\n<\/div><\/div><\/div><\/div><\/div><div id=\"pg-189-3\"  class=\"panel-grid panel-has-style\" ><div class=\"panel-row-style panel-row-style-for-189-3\" ><div id=\"pgc-189-3-0\"  class=\"panel-grid-cell\" ><div id=\"panel-189-3-0-0\" class=\"so-panel widget widget_black-studio-tinymce widget_black_studio_tinymce panel-first-child panel-last-child\" data-index=\"3\" ><div class=\"textwidget\"><p style=\"text-align: left;\"><span class=\"our-text\">INKLUSIVLEISTUNGEN: <\/span><\/p>\n<ol>\n<li>Osttiroler Fr\u00fchst\u00fccksbuffet<\/li>\n<li>Kuchenspezialit\u00e4ten am Nachmittag<\/li>\n<li>Genie\u00dfer Vitalmen\u00fcs am Abend<\/li>\n<li>Galamen\u00fc (sonntags)<\/li>\n<li>Grillabend (mittwochs im Sommer)<\/li>\n<li>Wasser aus eigener Quelle<\/li>\n<li>Eintritt ins 1929er Platzl<\/li>\n<li>Wellnesstasche mit Bademantel<\/li>\n<li>kostenloses WIFI<\/li>\n<li>Trockenraum &amp; Bikegarage<\/li>\n<li>Waldruhe Morgenpost<\/li>\n<li>Infoecke &amp; Kartenmaterial<\/li>\n<\/ol>\n<p style=\"text-align: left;\"><span class=\"our-text\">GEGEN GEB\u00dcHR:<\/span><\/p>\n<ol>\n<li>klassische Massage<\/li>\n<li>gef\u00fchrte Biketouren<\/li>\n<li>Tennis<\/li>\n<li>Fitnessstudio (10 Autominuten entfernt)<\/li>\n<\/ol>\n<\/div><\/div><\/div><\/div><\/div><div id=\"pg-189-4\"  class=\"panel-grid panel-has-style\" ><div class=\"siteorigin-panels-stretch panel-row-style panel-row-style-for-189-4\" data-stretch-type=\"full\" ><div id=\"pgc-189-4-0\"  class=\"panel-grid-cell\" ><div id=\"panel-189-4-0-0\" class=\"so-panel widget widget_black-studio-tinymce widget_black_studio_tinymce panel-first-child panel-last-child\" data-index=\"4\" ><div class=\"textwidget\"><p style=\"text-align: right;\"><span class=\"\" style=\"display:block;clear:both;height: 0px;padding-top: 500px;border-top-width:0px;border-bottom-width:0px;\"><\/span><\/p>\n<\/div><\/div><\/div><\/div><\/div><div id=\"pg-189-5\"  class=\"panel-grid panel-no-style\" ><div id=\"pgc-189-5-0\"  class=\"panel-grid-cell\" ><div id=\"panel-189-5-0-0\" class=\"so-panel widget widget_black-studio-tinymce widget_black_studio_tinymce panel-first-child panel-last-child\" data-index=\"5\" ><div class=\"textwidget\"><p><span class=\"services-headline\">Berg. Lifestyle.<\/span><br \/>\n31.01. - 01.03.2020<\/p>\n<p>N\u00e4chtigung mit Fr\u00fchst\u00fcck ab \u20ac 75,00<br \/>\nHalbpension ab \u20ac 90,00<br \/>\n<strong>Wochenpreis ab \u20ac 616,00 pro Person<\/strong><\/p>\n<p>&nbsp;<\/p>\n<p>Kinderpreise auf Anfrage.<\/p>\n<p>&nbsp;<\/p>\n<p><span class=\"services-headline\">Einfach. Urlaub.<\/span><br \/>\n02.03. - 01.04.2020<\/p>\n<p>N\u00e4chtigung mit Fr\u00fchst\u00fcck ab \u20ac 65,00<br \/>\nHalbpension ab \u20ac 85,00<br \/>\n<strong>Wochenpreis ab \u20ac 560,00 pro Person<\/strong><\/p>\n<p>&nbsp;<\/p>\n<p>Kinderpreise auf Anfrage.<\/p>\n<p>&nbsp;<\/p>\n<p><span class=\"services-headline\">Betriebs. Ferien.<\/span><br \/>\n02.04. - 17.05.2020<\/p>\n<p>&nbsp;<\/p>\n<p><span class=\"services-headline\">Einfach. Urlaub.<\/span><br \/>\n18.05. - 05.07.2020<\/p>\n<p>N\u00e4chtigung mit Fr\u00fchst\u00fcck ab \u20ac 70,00<br \/>\nHalbpension ab \u20ac 83,00<br \/>\n<strong>Wochenpreis ab \u20ac 560,00 pro Person<\/strong><\/p>\n<p>&nbsp;<\/p>\n<p>Kinderpreise auf Anfrage.<\/p>\n<p>&nbsp;<\/p>\n<p>06.07. - 30.07.2020<\/p>\n<p>N\u00e4chtigung mit Fr\u00fchst\u00fcck ab \u20ac 75,00<br \/>\nHalbpension ab \u20ac 86,00<br \/>\n<strong>Wochenpreis ab \u20ac 580,00 pro Person<\/strong><\/p>\n<p>&nbsp;<\/p>\n<p>Kinderpreise auf Anfrage.<\/p>\n<p>&nbsp;<\/p>\n<p>31.07. - 30.08.2020<\/p>\n<p>N\u00e4chtigung mit Fr\u00fchst\u00fcck ab \u20ac 80,00<br \/>\nHalbpension ab \u20ac 94,00<br \/>\n<strong>Wochenpreis ab \u20ac 645,00 pro Person<\/strong><\/p>\n<p>&nbsp;<\/p>\n<p>Kinderpreise auf Anfrage.<\/p>\n<p>&nbsp;<\/p>\n<p>31.08. - 04.10.2020<\/p>\n<p>N\u00e4chtigung mit Fr\u00fchst\u00fcck ab \u20ac 70,00<br \/>\nHalbpension ab \u20ac 83,00<br \/>\n<strong>Wochenpreis ab \u20ac 560,00 pro Person<\/strong><\/p>\n<p>&nbsp;<\/p>\n<p>Kinderpreise auf Anfrage.<\/p>\n<p>&nbsp;<\/p>\n<p><span class=\"services-headline\">Betriebs. Ferien.<\/span><br \/>\n05.10. - 28.11.2020<\/p>\n<p>&nbsp;<\/p>\n<p>Bitte beachten Sie, dass es sich hierbei um \"ab\" Preise handelt. Gerne erstellen wir Ihr individuelles Angebot f\u00fcr Ihren Urlaub.<br \/>\nAlle Preise verstehen sich exkl. Ortstaxe von EUR 2,00 pro Tag.<\/p>\n<\/div><\/div><\/div><\/div><div id=\"pg-189-6\"  class=\"panel-grid panel-has-style\" ><div class=\"siteorigin-panels-stretch panel-row-style panel-row-style-for-189-6\" data-stretch-type=\"full\" ><div id=\"pgc-189-6-0\"  class=\"panel-grid-cell\" ><div id=\"panel-189-6-0-0\" class=\"so-panel widget widget_black-studio-tinymce widget_black_studio_tinymce panel-first-child panel-last-child\" data-index=\"6\" ><div class=\"textwidget\"><p style=\"text-align: center;\"><span class=\"headline-resize home-headline\">SPECIALS. <\/span><\/p>\n<p><span class=\"home-sub\"><\/span><\/p>\n<p style=\"text-align: center;\">\n<\/div><\/div><\/div><\/div><\/div><div id=\"pg-189-7\"  class=\"panel-grid panel-no-style\" ><div id=\"pgc-189-7-0\"  class=\"panel-grid-cell\" ><div id=\"panel-189-7-0-0\" class=\"so-panel widget widget_black-studio-tinymce widget_black_studio_tinymce panel-first-child panel-last-child\" data-index=\"7\" ><div class=\"textwidget\"><p><span class=\"services-headline\">Nordic. Chillaxen.<\/span><br \/>\n13.03. \u2013 15.03.2020<\/p>\n<p><a href=\"https:\/\/www.osttirol.com\/regionen\/hochpustertal\/anfrage.html?tx_iccanfrage_anfrage%5BangebotId%5D=48108&cHash=21db12e02710dffd86500e87a4d3ad21\" rel=\"noopener\" target=\"_blank\">Jetzt. Anfragen.<\/a><\/p>\n<p><strong>Ab \u20ac 225,00 pro Person im Doppelzimmer<br \/>Ab \u20ac 270,00 pro Person im Einzelzimmer<\/strong><\/p>\n<p>&nbsp;<br \/>\n&nbsp;<\/p>\n<p><span class=\"services-headline\">Tuats. Eich. Wos. Guats.<\/span><br \/>\n14.06. \u2013 21.06.2020<\/p>\n<p><a href=\"https:\/\/www.fastenistmehr.at\" rel=\"noopener\" target=\"_blank\">www.fastenistmehr.at<\/a><\/p>\n<p>Basenfasten mit \u00e4rztlich gepr\u00fcfter Fastenleiterin Christine Gaetz-Kettner.<br \/>\nN\u00e4chtigung im Naturzimmer.<br \/>\nSchlafen im Zirbenbett.<br \/>\nGetr\u00e4nke und Ern\u00e4hrung.<br \/>\nT\u00e4gliche Betreuung durch Christine Gaetz-Kettner.<br \/>\nT\u00e4gliche Wanderungen.<br \/>\nQiGong.<br \/>\nEntspannungs\u00fcbungen. Tipps und Tricks.<br \/>\n<strong>Ab \u20ac 720,00 pro Person (7 N\u00e4chte)<\/strong><\/p>\n<p>&nbsp;<br \/>\n&nbsp;<\/p>\n<p><span class=\"services-headline\">Tuats. Eich. Wos. Guats.<\/span><br \/>\n13.09. \u2013 20.09.2020<\/p>\n<p><a href=\"https:\/\/www.fastenistmehr.at\" rel=\"noopener\" target=\"_blank\">www.fastenistmehr.at<\/a><\/p>\n<p>Basenfasten mit \u00e4rztlich gepr\u00fcfter Fastenleiterin Christine Gaetz-Kettner.<br \/>\nN\u00e4chtigung im Naturzimmer.<br \/>\nSchlafen im Zirbenbett.<br \/>\nGetr\u00e4nke und Ern\u00e4hrung.<br \/>\nT\u00e4gliche Betreuung durch Christine Gaetz-Kettner.<br \/>\nT\u00e4gliche Wanderungen.<br \/>\nQiGong.<br \/>\nEntspannungs\u00fcbungen. Tipps und Tricks.<br \/>\n<strong>Ab \u20ac 720,00 pro Person (7 N\u00e4chte)<\/strong><\/p>\n<p>&nbsp;<br \/>\n&nbsp;<\/p>\n<p>Bitte beachten Sie, dass es sich hierbei um \"ab\" Preise handelt. Gerne erstellen wir Ihr individuelles Angebot f\u00fcr Ihren Urlaub.<\/p>\n<p>&nbsp;<\/p>\n<\/div><\/div><\/div><\/div><div id=\"pg-189-8\"  class=\"panel-grid panel-has-style\" ><div class=\"siteorigin-panels-stretch panel-row-style panel-row-style-for-189-8\" data-stretch-type=\"full\" ><div id=\"pgc-189-8-0\"  class=\"panel-grid-cell\" ><div id=\"panel-189-8-0-0\" class=\"so-panel widget widget_black-studio-tinymce widget_black_studio_tinymce panel-first-child panel-last-child\" data-index=\"8\" ><div class=\"textwidget\"><p style=\"text-align: center;\"><span class=\"headline-resize home-headline\">SPECIALIZED. BIKE. VERLEIH.<\/span><\/p>\n<p><span class=\"home-sub\"><\/span><\/p>\n<p style=\"text-align: center;\">\n<\/div><\/div><\/div><\/div><\/div><div id=\"pg-189-9\"  class=\"panel-grid panel-no-style\" ><div id=\"pgc-189-9-0\"  class=\"panel-grid-cell\" ><div id=\"panel-189-9-0-0\" class=\"so-panel widget widget_black-studio-tinymce widget_black_studio_tinymce panel-first-child panel-last-child\" data-index=\"9\" ><div class=\"textwidget\"><p>Bucht euer Lieblingsrad direkt mit. Als Partner von Dolomite Bike Lienz gibt's bei uns die neuesten E-MTB und Hardtail-MTB Modelle von SPECIALIZED Bikes direkt im Hotel.<\/p>\n<p>&nbsp;<\/p>\n<p><strong>Tages Preise:<\/strong><\/p>\n<ol>\n<li>E-MTB: \u20ac 25,00<\/li>\n<li>Hardtail Bike: \u20ac 20,00<\/li>\n<\/ol>\n<p><strong>2-Tages Preise:<\/strong><\/p>\n<ol>\n<li>E-MTB: \u20ac 40,00<\/li>\n<li>Hardtail Bike: \u20ac 30,00<\/li>\n<\/ol>\n<p><strong>7-Tages Preise:<\/strong><\/p>\n<ol>\n<li>E-MTB: \u20ac 120,00<\/li>\n<li>Hardtail Bike: \u20ac 95,00<\/li>\n<\/ol>\n<p>&nbsp;<\/p>\n<\/div><\/div><\/div><\/div><div id=\"pg-189-10\"  class=\"panel-grid panel-no-style\" ><div id=\"pgc-189-10-0\"  class=\"panel-grid-cell\" ><div id=\"panel-189-10-0-0\" class=\"so-panel widget widget_black-studio-tinymce widget_black_studio_tinymce panel-first-child panel-last-child\" data-index=\"10\" ><div class=\"textwidget\"><p style=\"text-align: center;\"><span class=\"our-text\">Buchungsinformationen<\/span><\/p>\n<p style=\"text-align: justify;\">Es gelten die Vertrags- und Stornobedingungen des \u00d6sterreichischen Hotelreglements. Diese finden Sie <a href=\"https:\/\/www.hotelverband.at\/down\/AGBH_061115.pdf\" target=\"_blank\" rel=\"noopener\">hier<\/a> zum Download.<\/p>\n<p style=\"text-align: justify;\"><strong>Anzahlung - Buchungsbest\u00e4tigung<\/strong><br \/>\nDie Reservierung erfolgt mittels schriftlicher Best\u00e4tigung per Email. Anzahlung pro Zimmer: 25% des Reisepreises.<\/p>\n<p style=\"text-align: justify;\"><strong>Unsere Bankverbindung:<\/strong><br \/>\nRaiffeisen Landes Bank Tirol<\/p>\n<p class=\"float-left\">BIC: <span id=\"umsaetzeFilterBic\">RZTIAT22<\/span><br \/>\nIBAN: <span id=\"umsaetzeFilterIban\">AT42 3600 0000 0927 6486<\/span><\/p>\n<p style=\"text-align: justify;\"><strong>Stornobedingungen<\/strong><br \/>\nbis 3 Monate vor Anreise \u2013 kostenfreie Storno<br \/>\n3 Monate bis 1 Monat vor Anreise \u2013 40 % Stornokosten vom Reisepreis<br \/>\n1 Monat bis 1 Woche vor Anreise \u2013 70 % Stornokosten vom Reisepreis<br \/>\nIn der letzten Woche \u2013 90 % vom Reisepreis.<\/p>\n<p style=\"text-align: justify;\"><strong>Reiser\u00fccktrittsversicherung<\/strong><br \/>\nWir empfehlen den Abschluss Reiser\u00fccktrittskostenversicherung. Diese k\u00f6nnen Sie <a href=\"https:\/\/hotel.europaeische.at\/index.php?key=plus&amp;AGN=10011139\" target=\"_blank\" rel=\"noopener\">hier <\/a>direkt online abschlie\u00dfen.<\/p>\n<p>&nbsp;<\/p>\n<p><strong>Einzelzimmerzuschlag<\/strong><br \/>\nGerne k\u00f6nnen Sie ein sch\u00f6nes Doppelzimmer zur Alleinben\u00fctzung buchen. Aufpreis saisonabh\u00e4ngig auf Anfrage.<\/p>\n<p><strong>Kurzaufenthalt<\/strong><br \/>\nSaisonabh\u00e4ngig kann es bei einem Kurzaufenthalt bis 2 Tage zu einem Aufpreis von EUR 5,-- pro Person und Nacht kommen. Gerne erstellen wir Ihr individuelles Angebot.<\/p>\n<p>&nbsp;<\/p>\n<p style=\"text-align: justify;\"><strong>Zahlungsmodalit\u00e4ten<\/strong><br \/>\nDie Hotelrechnung mit den Nebenleistungen, kann in BAR, Bankomatkarte (Maestro), VISA oder Mastercard bezahlt werden. Sp\u00e4testens bei Abreise.<\/p>\n<p style=\"text-align: justify;\"><strong>Anreise\/Abreise<\/strong><br \/>\nDie Zimmer stehen ab 14:00 Uhr zur Verf\u00fcgung. Zimmerfreigabe bitte bis 10:30 Uhr erw\u00fcnscht. Wir halten die Zimmer bis 18:00 Uhr f\u00fcr Sie bereit, Sollten Sie sp\u00e4ter anreisen, bitten wir um vorherigen Anruf. Wenn das Zimmer am Abreisetag nach Absprache mit der Rezeption l\u00e4nger bewohnt bleibt, verrechnen wir eine Pauschale von Euro 30,--\/Person.<\/p>\n<p style=\"text-align: justify;\"><strong>Haustiere<\/strong><br \/>\nGerne k\u00f6nnen Sie mit Ihrem Vierbeiner anreisen. Dieser ist herzlich Willkommen bei uns. Wir bitten um Verst\u00e4ndnis, dass die Mitnahme in die Speiser\u00e4umlichkeiten w\u00e4hrend der Essenszeiten nicht gestattet ist. Einmalige Geb\u00fchr f\u00fcr die Endreinigung. Kosten auf Anfrage.<\/p>\n<h3 style=\"text-align: justify;\"><\/h3>\n<p>&nbsp;<\/p>\n<\/div><\/div><\/div><\/div><div id=\"pg-189-11\"  class=\"panel-grid panel-has-style\" ><div class=\"siteorigin-panels-stretch panel-row-style panel-row-style-for-189-11\" data-stretch-type=\"full\" ><div id=\"pgc-189-11-0\"  class=\"panel-grid-cell\" ><div id=\"panel-189-11-0-0\" class=\"so-panel widget widget_black-studio-tinymce widget_black_studio_tinymce panel-first-child panel-last-child\" data-index=\"11\" ><div class=\"textwidget\"><p><span class=\"services-headline\">Jetzt Anfragen<\/span><br \/>\nTreten Sie mit uns in Verbindung. Wir freuen uns, Ihnen ein individuelles, unverbindliches Angebot zusammenzustellen.<\/p>\n<\/div><\/div><\/div><div id=\"pgc-189-11-1\"  class=\"panel-grid-cell\" ><div id=\"panel-189-11-1-0\" class=\"so-panel widget widget_black-studio-tinymce widget_black_studio_tinymce panel-first-child panel-last-child\" data-index=\"12\" ><div class=\"textwidget\"><p style=\"text-align: right;\"><span class=\"\" style=\"display:block;clear:both;height: 0px;padding-top: 90px;border-top-width:0px;border-bottom-width:0px;\"><\/span><\/p>\n<p style=\"text-align: right;\"><a class=\"button green\" href=\"http:\/\/www.waldruhe.at\/sitex\/kontakt\/\">Jetzt anfragen<\/a><\/p>\n<\/div><\/div><\/div><\/div><\/div><\/div>","protected":false},"excerpt":{"rendered":"<p>Die einfachen Dinge des Lebens genie\u00dfen. BEST PRICE GARANTIE. Wir garantieren bei Direktbuchung den BESTEN PREIS.<\/p>\n","protected":false},"author":1,"featured_media":0,"parent":0,"menu_order":0,"comment_status":"closed","ping_status":"closed","template":"full-width-page.php","meta":{"_exactmetrics_skip_tracking":false,"_exactmetrics_sitenote_active":false,"_exactmetrics_sitenote_note":"","_exactmetrics_sitenote_category":0},"_links":{"self":[{"href":"https:\/\/www.waldruhe.at\/sitex\/wp-json\/wp\/v2\/pages\/189"}],"collection":[{"href":"https:\/\/www.waldruhe.at\/sitex\/wp-json\/wp\/v2\/pages"}],"about":[{"href":"https:\/\/www.waldruhe.at\/sitex\/wp-json\/wp\/v2\/types\/page"}],"author":[{"embeddable":true,"href":"https:\/\/www.waldruhe.at\/sitex\/wp-json\/wp\/v2\/users\/1"}],"replies":[{"embeddable":true,"href":"https:\/\/www.waldruhe.at\/sitex\/wp-json\/wp\/v2\/comments?post=189"}],"version-history":[{"count":3,"href":"https:\/\/www.waldruhe.at\/sitex\/wp-json\/wp\/v2\/pages\/189\/revisions"}],"predecessor-version":[{"id":2424,"href":"https:\/\/www.waldruhe.at\/sitex\/wp-json\/wp\/v2\/pages\/189\/revisions\/2424"}],"wp:attachment":[{"href":"https:\/\/www.waldruhe.at\/sitex\/wp-json\/wp\/v2\/media?parent=189"}],"curies":[{"name":"wp","href":"https:\/\/api.w.org\/{rel}","templated":true}]}}